{"id":1158,"date":"2016-08-09T13:26:52","date_gmt":"2016-08-09T16:26:52","guid":{"rendered":"http:\/\/posadadelcorumba.com\/web\/?page_id=1158"},"modified":"2016-08-11T12:01:47","modified_gmt":"2016-08-11T15:01:47","slug":"terminos","status":"publish","type":"page","link":"https:\/\/posadadelcorumba.com\/deutsch\/terminos\/","title":{"rendered":"T\u00e9rminos"},"content":{"rendered":"<p style=\"text-align: center;\">CONDICIONES DE PAGO Y CANCELACI\u00d3N<\/p>\n<p><strong>Del 26 de diciembre al 28 de febrero<\/strong><br \/>\nSi cancelas o modificas la reserva hasta 90 d\u00edas antes de la fecha de llegada, el establecimiento no efectuar\u00e1 cargos. Si cancelas o modificas la reserva fuera de plazo o no te presentas, el establecimiento cargar\u00e1 el 50% de toda la estancia.<\/p>\n<p><strong>Del 01 de marzo al 25 de diciembre<\/strong><br \/>\nEl cliente puede cancelar la reserva de forma gratuita hasta 30 d\u00edas antes de la fecha de llegada. El cliente tendr\u00e1 que pagar un 50% del precio total si cancela durante los 30 d\u00edas antes de la fecha de llegada.<\/p>\n<p>El pago total de la reserva se efectuar\u00e1 el d\u00eda de llegada en el check-in.<\/p>\n<p><strong>RESERVAS<\/strong>:<\/p>\n<ul>\n<li>Transferencia bancaria por el B.R.O.U (dentro del Uruguay)<\/li>\n<li>Abitab (dentro del Uruguay)<\/li>\n<li>Tarjetas de Cr\u00e9dito Visa y MasterCard<\/li>\n<li>Western Union o MoneyGram<\/li>\n<\/ul>\n<p>&nbsp;<\/p>\n<p><strong>NI\u00d1OS<\/strong><\/p>\n<p>Se pueden alojar ni\u00f1os de todas las edades.<\/p>\n<p><strong>MASCOTAS<\/strong><\/p>\n<p>Por favor hacer una petici\u00f3n previa.<\/p>\n<p><strong>CAMAS SUPLETORIAS<\/strong><\/p>\n<p>Por favor hacer una petici\u00f3n previa.<\/p>\n","protected":false},"excerpt":{"rendered":"<p>CONDICIONES DE PAGO Y CANCELACI\u00d3N Del 26 de diciembre al 28 de febrero Si cancelas o modificas la reserva hasta 90 d\u00edas antes de la fecha de llegada, el establecimiento no efectuar\u00e1 cargos. Si cancelas o modificas la reserva fuera de plazo o no te presentas, el establecimiento cargar\u00e1 el<\/p>\n","protected":false},"author":1,"featured_media":0,"parent":0,"menu_order":0,"comment_status":"closed","ping_status":"closed","template":"","meta":[],"_links":{"self":[{"href":"https:\/\/posadadelcorumba.com\/deutsch\/wp-json\/wp\/v2\/pages\/1158"}],"collection":[{"href":"https:\/\/posadadelcorumba.com\/deutsch\/wp-json\/wp\/v2\/pages"}],"about":[{"href":"https:\/\/posadadelcorumba.com\/deutsch\/wp-json\/wp\/v2\/types\/page"}],"author":[{"embeddable":true,"href":"https:\/\/posadadelcorumba.com\/deutsch\/wp-json\/wp\/v2\/users\/1"}],"replies":[{"embeddable":true,"href":"https:\/\/posadadelcorumba.com\/deutsch\/wp-json\/wp\/v2\/comments?post=1158"}],"version-history":[{"count":4,"href":"https:\/\/posadadelcorumba.com\/deutsch\/wp-json\/wp\/v2\/pages\/1158\/revisions"}],"predecessor-version":[{"id":1167,"href":"https:\/\/posadadelcorumba.com\/deutsch\/wp-json\/wp\/v2\/pages\/1158\/revisions\/1167"}],"wp:attachment":[{"href":"https:\/\/posadadelcorumba.com\/deutsch\/wp-json\/wp\/v2\/media?parent=1158"}],"curies":[{"name":"wp","href":"https:\/\/api.w.org\/{rel}","templated":true}]}}